1.
13
Suppose 0 = -32*v + 28*v + 44. Calculate the highest common divisor of v and 297.
11
Suppose 3*b + 0*b = -39. Let m = 41 + b. Let p = m - 17. Calculate the greatest common factor of p and 1.
1
Let z(u) = 34*u - 906. Let j be z(27). What is the highest common divisor of j and 21?
3
Suppose 18 + 15 = w - 5*y, -3*y - 99 = -5*w. Calculate the greatest common divisor of w and 522.
18
Suppose -2*l - 3*t + 41 = 0, 134 = 5*l + t - 4*t. Suppose -93*a - 159 + 413 + 211 = 0. What is the greatest common factor of a and l?
5
Suppose -7*t + 510 = 27*t. What is the greatest common factor of 45 and t?
15
Let h(i) = 11*i + 143. Let w be h(23). Calculate the greatest common factor of 44 and w.
44
Suppose 7 - 11 = -2*i. Suppose 0*k - 30 = -i*k. What is the highest common factor of k and 15?
15
Suppose -5*t - 3*f - 137 = 0, 3*f = -4*t - 92 - 17. Let g be 8/t + (-7568)/(-28). Suppose -3*i + i = -g. What is the highest common divisor of i and 15?
15
Let j = -91 - -91. Suppose 2*x - 198 = -j*x. What is the greatest common factor of 11 and x?
11
Let h = -107 + 96. Let w be (h/(-3) + -4)*-39. What is the highest common factor of 143 and w?
13
Let x(j) = -2*j**3 + j**2 - j + 4. Let n be x(0). Let u be 5 - 4/n - 0. Let w = 13 - 3. Calculate the highest common factor of u and w.
2
Let a(h) = h**3 - 3*h**2 + h. Let q be a(4). Calculate the greatest common divisor of q and 260.
20
Let i(b) = b**2 - b - 11. Let m be i(8). Suppose 23 = 3*h - 2*v, -5*h - 3*v = -9 - 4. What is the highest common divisor of h and m?
5
Suppose 0 = 10*l + 337 - 567. What is the greatest common factor of 23 and l?
23
Let w(s) = 24*s**3 + 4*s**2 - 12*s + 2. Let o be w(3). What is the greatest common factor of o and 260?
130
Let c(b) = -b**3 + 6*b**2 + 30*b - 9. Let s be c(9). What is the greatest common factor of s and 225?
9
Let q be 13/((-91)/28) - -179. Calculate the greatest common factor of q and 70.
35
Let j(l) = 4 - 1 - 3 - l**2 - l - 7. Let i be j(0). Let v = 22 + i. Calculate the highest common divisor of 30 and v.
15
Suppose -4*o - k = -52 + 43, 6 = -3*o - 5*k. Calculate the greatest common factor of 507 and o.
3
Let h(o) = -o**2 - 6*o + 7. Let q = 2 - 8. Let t be h(q). Let k = -2 + t. What is the highest common factor of k and 5?
5
Suppose -3*c = 5*t + 13 + 10, -18 = 4*t + 2*c. Let k be (50/t - -2)*-2. Suppose 0 = 25*d - 30*d + 210. Calculate the greatest common divisor of k and d.
21
Let g(i) = 8*i**3 + i**2 - 2*i + 1. Let f = 20 + -18. Let o be g(f). What is the highest common divisor of 26 and o?
13
Suppose 3686 + 2746 = 32*y. Calculate the greatest common factor of y and 1340.
67
Let x be (0 + 2)/(3 + 33/(-12)). Suppose 5*s - 25 = -5*b, 4*s - 5 = 3*b + x. What is the greatest common divisor of s and 16?
4
Let g be -9 + (-3 - -354)/13. What is the highest common divisor of 342 and g?
18
Let y be ((-800)/15)/(2/(-6)). Let t = -64 - -104. Calculate the highest common divisor of y and t.
40
Let t be (12/18 + -1)/(3/(-243)). What is the highest common factor of t and 9?
9
Suppose 2*j - 12*j = 0. Suppose -145 = -2*t - 5*n, -3*t + 4*t - n - 55 = j. What is the greatest common divisor of t and 12?
12
Suppose 81*z = 23*z + 754. Let y(c) = 3*c**2 + 5*c - 3. Let o be y(3). Calculate the greatest common factor of z and o.
13
Suppose -11*m = -m - 20. Let z be ((-702)/(-5))/m + (-3)/15. Calculate the highest common factor of 28 and z.
14
Suppose -3*u - 14 = -4*h, 4*u - 3*h + 17 = 2*h. Suppose u*y - 6 = -y. Calculate the greatest common factor of 3 and y.
1
Let b = -52 + 113. Suppose -186 + b = -5*w. Let n(d) = d**3 - 6*d**2 - 6*d - 2. Let v be n(7). Calculate the highest common factor of v and w.
5
Let b(s) = -13*s + 8*s + 4*s**2 + s**3 - 3 - s**2. Let c be b(-3). What is the highest common factor of 30 and c?
6
Suppose 4*o + 182 = -n, -n + 29 = 3*o + 165. Let k = o - -52. What is the highest common factor of 9 and k?
3
Suppose 2*k = -4*k - 258. Let d = k + 111. Calculate the greatest common factor of d and 17.
17
Let b = 10 - 14. Let a be (b - -6) + (1 - 1). What is the greatest common divisor of a and 2?
2
Suppose -3*t + 0*t = -54. Let g = 13 + 14. Suppose 0 = -4*l + 3*l + g. Calculate the highest common divisor of t and l.
9
Suppose f + f = -6. Let t be 4 - (f + 3 - 0). Suppose -4*s + 42 = t*j - 2*s, -34 = -3*j - s. Calculate the highest common factor of j and 130.
13
Let q be 2*(-8)/(-28) - 187/(-77). Calculate the greatest common factor of q and 1.
1
Suppose 230 = -268*o + 5858. Let x be (-10)/(-4) - 2/(-4). Suppose x*i = -4 + 256. Calculate the greatest common factor of i and o.
21
Suppose -7 = -2*j - 4*o + 33, -5*o = -5*j + 160. What is the greatest common factor of 182 and j?
14
Suppose 6*g + 0*g - 2106 = 0. What is the greatest common divisor of g and 78?
39
Suppose 3*y + y - 72 = 0. Let r = -7 + y. Let h(s) = -23*s**3 - 4*s**2 - 4*s - 1. Let o be h(-1). What is the greatest common divisor of o and r?
11
Suppose -300 + 820 = 26*s. What is the greatest common divisor of s and 340?
20
Let q(d) = -11*d + 442. Let z be q(26). What is the greatest common factor of z and 108?
12
Let h be (-7 - (11 + -7))*-33. What is the highest common divisor of 66 and h?
33
Suppose 0 = -44*v + 41*v + 324. What is the greatest common divisor of v and 486?
54
Suppose 17*k + 112 = 10771. Let p = 183 + -126. Calculate the greatest common factor of p and k.
57
Let b(r) = 2*r**2 + 8*r + 14. Let f be b(-7). What is the greatest common divisor of f and 8?
8
Suppose -3*p - 5*g + 62 = 0, -2*g = -g - 1. Let t be (-55)/15 + 1/(-3). Let v = t - -42. What is the highest common divisor of v and p?
19
Let p be (8/12)/((-4)/1338). Let g = -702 - p. Let h be (-3)/(-12) + g/(-4). Calculate the highest common divisor of h and 48.
24
Suppose 6*y = 5*j + y - 55, -3*j - 4*y + 33 = 0. Let x(a) = -a + 13. Let f be x(j). Suppose -f*o + 7 = -7. Calculate the greatest common factor of o and 56.
7
Let g = 865 + 134. Suppose 387 = l + l + 3*f, -5*l + 3*f = -g. What is the highest common factor of l and 22?
22
Let y = -13 - -17. Suppose 0 = -y*l + 3 + 5. Calculate the highest common divisor of l and 4.
2
Let f(d) = 10*d - 1. Let r be f(1). Suppose 6*z - 66 = 4*z. Let u = z + -6. Calculate the greatest common divisor of r and u.
9
Let k be 569/21 + 38/(-399). Calculate the highest common divisor of k and 342.
9
Let f(p) = p**2 - 15*p + 31. Suppose -2*s = 2*d - 20, -5*d - 4*s + 24 + 29 = 0. Let o be f(d). Calculate the highest common factor of o and 5.
5
Let p be ((-6)/(-5))/(((-19)/10)/(-19)). Calculate the highest common factor of 44 and p.
4
Suppose -12*f - 103 = -2*h - 15*f, -4*h - 4*f = -204. Calculate the greatest common divisor of h and 2.
2
Suppose 0*a + 3 = z - 3*a, -a = 0. Suppose -15 = -5*h, -z*d + d - h = -11. Suppose -76 = -d*m + 36. Calculate the greatest common factor of 7 and m.
7
Suppose 87 = 2*m - 183. Let c = 0 + 15. What is the highest common factor of c and m?
15
Suppose -69 + 255 = 2*y. Calculate the highest common factor of 124 and y.
31
Let s(q) = -2*q**2 - 14*q + 2. Let j be s(-7). Suppose 1 = -m + 2. Let h = m + 3. What is the highest common factor of j and h?
2
Let s(v) = v - 3. Let h be s(3). Suppose 4*n - 4*l - 104 = h, -4*n + n + 66 = 3*l. Calculate the highest common factor of n and 12.
12
Let o be ((-4)/3)/(22/(-3003)). Let z = o + -70. Let q(h) = -16*h**3 - h - 1. Let d be q(-1). What is the greatest common factor of d and z?
16
Let z be (-1)/(2/(-100)) + -1. Let l = z - 33. Suppose -224 = 17*v - 258. Calculate the greatest common factor of l and v.
2
Let g be -3 + 3/(3/(-32)). Suppose 32*x + 345 = 37*x. Let y = x + g. What is the highest common divisor of 17 and y?
17
Suppose -n + 9 = 2*n - 2*k, 9 = -3*n - 4*k. Let f be 18/6 + n + 138 + 2. What is the highest common divisor of 16 and f?
16
Let k = -1 - 15. Let z = k + 21. Suppose 0 = -z*f + 44 + 41. What is the highest common factor of 17 and f?
17
Suppose -4*s - 4*p + 3*p = -22, 5*p - 20 = -5*s. Let v be (68/s)/(10/15). Calculate the highest common factor of 51 and v.
17
Let c be (164/(-6))/((-32)/576). What is the greatest common divisor of c and 410?
82
Suppose 22*x - 26*x = 80. Let l = 42 + x. What is the greatest common factor of 66 and l?
22
Let t be 6 - ((-1)/(-1) - -1). Suppose -t*a = -3*a - 11. Suppose -61 = -5*g + 49. What is the greates